{"id":26,"date":"2025-12-17T10:47:02","date_gmt":"2025-12-17T13:47:02","guid":{"rendered":"https:\/\/proativa.virtual.ufc.br\/promidia\/sobre\/"},"modified":"2026-01-08T12:05:13","modified_gmt":"2026-01-08T15:05:13","slug":"sobre","status":"publish","type":"page","link":"https:\/\/proativa.virtual.ufc.br\/promidia\/sobre\/","title":{"rendered":"Sobre"},"content":{"rendered":" \n<div data-block=\"gutenkit\/container\" data-post-id=\"26\" id=\"block-08a4ecf9-5468-4500-96fe-c4deeff615a4\" class=\"wp-block-gutenkit-container alignwide gkitf615a4 gutenkit-block\"><div class=\"gkit-block__inner\"> \n<div data-block=\"gutenkit\/heading\" data-post-id=\"26\" class=\"wp-block-gutenkit-heading gkit-heading-border-position-start gkitb95fbc gutenkit-block\" id=\"block-883a2479-b9ea-4493-859b-2831c560dc69\"><h2 class=\"gkit-heading-title\">Sobre<\/h2><div class=\"gkit-heading-description\"><p>Conhe\u00e7a um pouco por tr\u00e1s do Prom\u00eddia<\/p><\/div><\/div>\n \n\n \n<div data-block=\"gutenkit\/container\" data-post-id=\"26\" id=\"block-1b2a3e11-920c-477c-98ef-5627ff6a5f32\" class=\"wp-block-gutenkit-container alignfull gkit-block-1b2a3e11-920c-477c-98ef-5627ff6a5f32 gutenkit-block\"><div class=\"gkit-block__inner\"> \n<div data-block=\"gutenkit\/container\" data-post-id=\"26\" id=\"block-4a1819e3-f89e-4a7c-b98f-c9b4b8e2b5ed\" class=\"wp-block-gutenkit-container alignfull gkite2b5ed gutenkit-block\"><div class=\"gkit-block__inner\"> \n<div data-block=\"gutenkit\/advanced-paragraph\" data-post-id=\"26\" id=\"block-794ad48b-a85a-4432-893f-8c21e9628ea3\" class=\"wp-block-gutenkit-advanced-paragraph gkit628ea3 gutenkit-block\"><div class=\"gkit-adv-paragraph\"><p identifier=\"content\" class=\"gkit-adv-paragraph-text gkit-drop-cap-letter\">O <strong>PROM\u00edDIA<\/strong> tem como objetivo o desenvolvimento colaborativo<br>de m\u00eddias digitais de matem\u00e1tica, a partir de <strong>oficinas e projetos<\/strong> <strong>interdisciplinares<\/strong> realizados junto a <strong>estudantes e professores<\/strong>.<br><br>Atua desde sua funda\u00e7\u00e3o em <strong>2017<\/strong>, e no mesmo ano foi registrado como projeto de apoio \u00e0 gradua\u00e7\u00e3o (PAIP\/UFC), para apoiar as disciplinas de Ensino de Matem\u00e1tica e T\u00f3picos de Educa\u00e7\u00e3o Matem\u00e1tica, ofertadas para o curso de Pedagogia da UFC.<br><br>Ainda em 2017 passamos a realizar pesquisas que exploram o Construcionismo, o <strong>Design Thinking<\/strong>, a Cultura Maker, ou seja, o aprender fazendo. Temos como miss\u00e3o <strong>formar professores da educa\u00e7\u00e3o b\u00e1sica<\/strong> nos cursos de Pedagogia e nas disciplinas pedag\u00f3gicas das demais licenciaturas da Universidade e na p\u00f3s-gradua\u00e7\u00e3o, desenvolvendo o ensino, a pesquisa e a extens\u00e3o nas diversas \u00e1reas do campo educacional.<br><\/p><\/div><\/div>\n \n\n \n<div data-block=\"gutenkit\/advanced-paragraph\" data-post-id=\"26\" id=\"block-318552c0-4608-4346-889e-fbf506612a95\" class=\"wp-block-gutenkit-advanced-paragraph gkit612a95 gutenkit-block\"><div class=\"gkit-adv-paragraph\"><p identifier=\"content\" class=\"gkit-adv-paragraph-text\"><strong>O que fazemos ?<\/strong><br>Planejamento e o acompanhamento de projetos interdisciplinares e oficinas que contemplem a cria\u00e7\u00e3o colaborativa de m\u00eddias digitais, tais como: <strong>jornal digital, infogr\u00e1ficos, v\u00eddeos, jogos<\/strong>, dentre outros, como meios expressivos para a gera\u00e7\u00e3o de significados matem\u00e1ticos dos estudantes e professores, individual e <strong>colaborativamente<\/strong>.<br><\/p><\/div><\/div>\n \n\n \n<div data-block=\"gutenkit\/advanced-paragraph\" data-post-id=\"26\" id=\"block-83bece94-1724-44a4-8ea0-bd49834d601f\" class=\"wp-block-gutenkit-advanced-paragraph gkit4d601f gutenkit-block\"><div class=\"gkit-adv-paragraph\"><p identifier=\"content\" class=\"gkit-adv-paragraph-text\">Os significados s\u00e3o gerados durante a bricolagem individual e coletiva com m\u00eddias digitais, influenciados pelas mudan\u00e7as negociadas que os sujeitos fazem a esses artefatos, dando \u00eanfase \u00e0 propriedade e \u00e0 produ\u00e7\u00e3o.<br><br>As m\u00eddias digitais produzidas pelos estudantes e professores foram disponibilizadas neste ambiente, como forma de estimular os professores a integrarem tecnologias ao curr\u00edculo escolar. Tamb\u00e9m disponibilizamos produ\u00e7\u00f5es acad\u00eamicas, como forma de favorecer a realiza\u00e7\u00e3o de tais pr\u00e1ticas em outros espa\u00e7os.<br><\/p><\/div><\/div>\n \n\n \r\n<div data-block=\"gutenkit\/blog-posts\" data-post-id=\"26\" class=\"wp-block-gutenkit-blog-posts gkit9c8434 gutenkit-block\" id=\"block-21e20a58-5c70-44db-acf9-dd01529c8434\">\r\n\t<div class=\"gutenkit-blog-posts gutenkit-blog-posts-layout-grid-thumb\">\r\n\t\t\t\t\t<div class=\"gutenkit-blog-post-container\">\r\n\t\t\t\t<div class=\"gutenkit-blog-post gutenkit-blog-post-direction-top\">\r\n\t\t\t\t\t\t\t\t\t\t<div class=\"gutenkit-blog-post-content \">\r\n\t\t\t\t\t\t\t\t\t\t\t\t\t\t\t\t\t\t\t<h2 class=\"gutenkit-blog-post-title\">\r\n\t\t\t\t\t\t\t\t<a href=\"https:\/\/proativa.virtual.ufc.br\/promidia\/2025\/12\/27\/a-grande-festa-dos-sonhos\/\" class=\"gutenkit-blog-post-title-link\">\r\n\t\t\t\t\t\t\t\t\tA grande festa dos sonhos\t\t\t\t\t\t\t\t<\/a>\r\n\t\t\t\t\t\t\t\t\t\t\t\t\t\t\t<\/h2>\r\n\t\t\t\t\t\t\t\t\t\t\t\t\t\t\t\t\t\t<div class=\"gutenkit-blog-post-description\">\r\n\t\t\t\t\t\t\t\t\t\t\t\t\t<\/div>\r\n\t\t\t\t\t\t\t\t\t\t\t\t\t\t\t\t\t<\/div>\r\n\t\t\t\t<\/div>\r\n\t\t\t<\/div>\r\n\t\t\t\t\t<div class=\"gutenkit-blog-post-container\">\r\n\t\t\t\t<div class=\"gutenkit-blog-post gutenkit-blog-post-direction-top\">\r\n\t\t\t\t\t\t\t\t\t\t<div class=\"gutenkit-blog-post-content \">\r\n\t\t\t\t\t\t\t\t\t\t\t\t\t\t\t\t\t\t\t<h2 class=\"gutenkit-blog-post-title\">\r\n\t\t\t\t\t\t\t\t<a href=\"https:\/\/proativa.virtual.ufc.br\/promidia\/2025\/12\/27\/planeta-litrux\/\" class=\"gutenkit-blog-post-title-link\">\r\n\t\t\t\t\t\t\t\t\tPLANETA LITRUX\t\t\t\t\t\t\t\t<\/a>\r\n\t\t\t\t\t\t\t\t\t\t\t\t\t\t\t<\/h2>\r\n\t\t\t\t\t\t\t\t\t\t\t\t\t\t\t\t\t\t<div class=\"gutenkit-blog-post-description\">\r\n\t\t\t\t\t\t\t\t\t\t\t\t\t<\/div>\r\n\t\t\t\t\t\t\t\t\t\t\t\t\t\t\t\t\t<\/div>\r\n\t\t\t\t<\/div>\r\n\t\t\t<\/div>\r\n\t\t\t\t\t<div class=\"gutenkit-blog-post-container\">\r\n\t\t\t\t<div class=\"gutenkit-blog-post gutenkit-blog-post-direction-top\">\r\n\t\t\t\t\t\t\t\t\t\t<div class=\"gutenkit-blog-post-content \">\r\n\t\t\t\t\t\t\t\t\t\t\t\t\t\t\t\t\t\t\t<h2 class=\"gutenkit-blog-post-title\">\r\n\t\t\t\t\t\t\t\t<a href=\"https:\/\/proativa.virtual.ufc.br\/promidia\/2025\/12\/27\/chocoberry-mestre-do-chocolate\/\" class=\"gutenkit-blog-post-title-link\">\r\n\t\t\t\t\t\t\t\t\tChocoberry &#8211; Mestre do Chocolate\t\t\t\t\t\t\t\t<\/a>\r\n\t\t\t\t\t\t\t\t\t\t\t\t\t\t\t<\/h2>\r\n\t\t\t\t\t\t\t\t\t\t\t\t\t\t\t\t\t\t<div class=\"gutenkit-blog-post-description\">\r\n\t\t\t\t\t\t\t\t\t\t\t\t\t<\/div>\r\n\t\t\t\t\t\t\t\t\t\t\t\t\t\t\t\t\t<\/div>\r\n\t\t\t\t<\/div>\r\n\t\t\t<\/div>\r\n\t\t\t\t\t<div class=\"gutenkit-blog-post-container\">\r\n\t\t\t\t<div class=\"gutenkit-blog-post gutenkit-blog-post-direction-top\">\r\n\t\t\t\t\t\t\t\t\t\t<div class=\"gutenkit-blog-post-content \">\r\n\t\t\t\t\t\t\t\t\t\t\t\t\t\t\t\t\t\t\t<h2 class=\"gutenkit-blog-post-title\">\r\n\t\t\t\t\t\t\t\t<a href=\"https:\/\/proativa.virtual.ufc.br\/promidia\/2025\/12\/27\/quantix-uma-missao-matematica-digital\/\" class=\"gutenkit-blog-post-title-link\">\r\n\t\t\t\t\t\t\t\t\tQuantix: uma miss\u00e3o matem\u00e1tica digital.\t\t\t\t\t\t\t\t<\/a>\r\n\t\t\t\t\t\t\t\t\t\t\t\t\t\t\t<\/h2>\r\n\t\t\t\t\t\t\t\t\t\t\t\t\t\t\t\t\t\t<div class=\"gutenkit-blog-post-description\">\r\n\t\t\t\t\t\t\t\t\t\t\t\t\t<\/div>\r\n\t\t\t\t\t\t\t\t\t\t\t\t\t\t\t\t\t<\/div>\r\n\t\t\t\t<\/div>\r\n\t\t\t<\/div>\r\n\t\t\t<\/div>\r\n<\/div>\r\n <\/div><\/div>\n <\/div><\/div>\n <\/div><\/div>\n \n\n\n    <div class=\"xs_social_share_widget xs_share_url after_content \t\tmain_content  wslu-style-1 wslu-share-box-shaped wslu-fill-colored wslu-none wslu-share-horizontal wslu-theme-font-no wslu-main_content\">\n\n\t\t\n        <ul>\n\t\t\t        <\/ul>\n    <\/div> \n","protected":false},"excerpt":{"rendered":"","protected":false},"author":2,"featured_media":0,"parent":0,"menu_order":0,"comment_status":"closed","ping_status":"closed","template":"","meta":{"postBodyCss":"","postBodyMargin":[],"postBodyPadding":[],"postBodyBackground":{"backgroundType":"classic","gradient":""},"footnotes":""},"class_list":["post-26","page","type-page","status-publish","hentry"],"_links":{"self":[{"href":"https:\/\/proativa.virtual.ufc.br\/promidia\/wp-json\/wp\/v2\/pages\/26","targetHints":{"allow":["GET"]}}],"collection":[{"href":"https:\/\/proativa.virtual.ufc.br\/promidia\/wp-json\/wp\/v2\/pages"}],"about":[{"href":"https:\/\/proativa.virtual.ufc.br\/promidia\/wp-json\/wp\/v2\/types\/page"}],"author":[{"embeddable":true,"href":"https:\/\/proativa.virtual.ufc.br\/promidia\/wp-json\/wp\/v2\/users\/2"}],"replies":[{"embeddable":true,"href":"https:\/\/proativa.virtual.ufc.br\/promidia\/wp-json\/wp\/v2\/comments?post=26"}],"version-history":[{"count":6,"href":"https:\/\/proativa.virtual.ufc.br\/promidia\/wp-json\/wp\/v2\/pages\/26\/revisions"}],"predecessor-version":[{"id":206,"href":"https:\/\/proativa.virtual.ufc.br\/promidia\/wp-json\/wp\/v2\/pages\/26\/revisions\/206"}],"wp:attachment":[{"href":"https:\/\/proativa.virtual.ufc.br\/promidia\/wp-json\/wp\/v2\/media?parent=26"}],"curies":[{"name":"wp","href":"https:\/\/api.w.org\/{rel}","templated":true}]}}